[INFO] fetching crate c2rust 0.17.0...
[INFO] checking c2rust-0.17.0 against master#e6e4f7ed1589e03bc2f6c5931c1a72e7947e8682 for beta-170-4
[INFO] extracting crate c2rust 0.17.0 into /workspace/builds/worker-5-tc2/source
[INFO] validating manifest of crates.io crate c2rust 0.17.0 on toolchain e6e4f7ed1589e03bc2f6c5931c1a72e7947e8682
[INFO] running `Command { std: CARGO_HOME="/workspace/cargo-home" RUSTUP_HOME="/workspace/rustup-home" "/workspace/cargo-home/bin/cargo" "+e6e4f7ed1589e03bc2f6c5931c1a72e7947e8682" "metadata" "--manifest-path" "Cargo.toml" "--no-deps", kill_on_drop: false }`
[INFO] removed /workspace/builds/worker-5-tc2/source/rust-toolchain.toml
[INFO] started tweaking crates.io crate c2rust 0.17.0
[INFO] finished tweaking crates.io crate c2rust 0.17.0
[INFO] tweaked toml for crates.io crate c2rust 0.17.0 written to /workspace/builds/worker-5-tc2/source/Cargo.toml
[INFO] crate crates.io crate c2rust 0.17.0 already has a lockfile, it will not be regenerated
[INFO] running `Command { std: CARGO_HOME="/workspace/cargo-home" RUSTUP_HOME="/workspace/rustup-home" "/workspace/cargo-home/bin/cargo" "+e6e4f7ed1589e03bc2f6c5931c1a72e7947e8682" "fetch" "--manifest-path" "Cargo.toml", kill_on_drop: false }`
[INFO] running `Command { std: "docker" "create" "-v" "/var/lib/crater-agent-workspace/builds/worker-5-tc2/target:/opt/rustwide/target:rw,Z" "-v" "/var/lib/crater-agent-workspace/builds/worker-5-tc2/source:/opt/rustwide/workdir:ro,Z" "-v" "/var/lib/crater-agent-workspace/cargo-home:/opt/rustwide/cargo-home:ro,Z" "-v" "/var/lib/crater-agent-workspace/rustup-home:/opt/rustwide/rustup-home:ro,Z" "-e" "SOURCE_DIR=/opt/rustwide/workdir" "-e" "CARGO_TARGET_DIR=/opt/rustwide/target" "-e" "CARGO_HOME=/opt/rustwide/cargo-home" "-e" "RUSTUP_HOME=/opt/rustwide/rustup-home" "-w" "/opt/rustwide/workdir" "-m" "1610612736" "--user" "0:0" "--network" "none" "ghcr.io/rust-lang/crates-build-env/linux@sha256:19e73879b68f455e41552ea35293514db52ea292d993f571636dbffedb77a1ee" "/opt/rustwide/cargo-home/bin/cargo" "+e6e4f7ed1589e03bc2f6c5931c1a72e7947e8682" "metadata" "--no-deps" "--format-version=1", kill_on_drop: false }`
[INFO] [stdout] 221c44fcb8095416105effabd18c7175bbb86967d9ad67d0ea6e78ff56cd5c19
[INFO] running `Command { std: "docker" "start" "-a" "221c44fcb8095416105effabd18c7175bbb86967d9ad67d0ea6e78ff56cd5c19", kill_on_drop: false }`
[INFO] running `Command { std: "docker" "inspect" "221c44fcb8095416105effabd18c7175bbb86967d9ad67d0ea6e78ff56cd5c19", kill_on_drop: false }`
[INFO] running `Command { std: "docker" "rm" "-f" "221c44fcb8095416105effabd18c7175bbb86967d9ad67d0ea6e78ff56cd5c19", kill_on_drop: false }`
[INFO] [stdout] 221c44fcb8095416105effabd18c7175bbb86967d9ad67d0ea6e78ff56cd5c19
[INFO] running `Command { std: "docker" "create" "-v" "/var/lib/crater-agent-workspace/builds/worker-5-tc2/target:/opt/rustwide/target:rw,Z" "-v" "/var/lib/crater-agent-workspace/builds/worker-5-tc2/source:/opt/rustwide/workdir:ro,Z" "-v" "/var/lib/crater-agent-workspace/cargo-home:/opt/rustwide/cargo-home:ro,Z" "-v" "/var/lib/crater-agent-workspace/rustup-home:/opt/rustwide/rustup-home:ro,Z" "-e" "SOURCE_DIR=/opt/rustwide/workdir" "-e" "CARGO_TARGET_DIR=/opt/rustwide/target" "-e" "CARGO_INCREMENTAL=0" "-e" "RUST_BACKTRACE=full" "-e" "RUSTFLAGS=--cap-lints=forbid" "-e" "RUSTDOCFLAGS=--cap-lints=forbid" "-e" "CARGO_HOME=/opt/rustwide/cargo-home" "-e" "RUSTUP_HOME=/opt/rustwide/rustup-home" "-w" "/opt/rustwide/workdir" "-m" "1610612736" "--user" "0:0" "--network" "none" "ghcr.io/rust-lang/crates-build-env/linux@sha256:19e73879b68f455e41552ea35293514db52ea292d993f571636dbffedb77a1ee" "/opt/rustwide/cargo-home/bin/cargo" "+e6e4f7ed1589e03bc2f6c5931c1a72e7947e8682" "check" "--frozen" "--all" "--all-targets" "--message-format=json", kill_on_drop: false }`
[INFO] [stdout] c1f37dc7b8a786c9870fe81d8f4618eac05d26029035796841f352490758aabf
[INFO] running `Command { std: "docker" "start" "-a" "c1f37dc7b8a786c9870fe81d8f4618eac05d26029035796841f352490758aabf", kill_on_drop: false }`
[INFO] [stderr]    Compiling proc-macro2 v1.0.50
[INFO] [stderr]    Compiling quote v1.0.23
[INFO] [stderr]    Compiling syn v1.0.107
[INFO] [stderr]    Compiling unicode-ident v1.0.6
[INFO] [stderr]    Compiling libc v0.2.139
[INFO] [stderr]    Compiling io-lifetimes v1.0.4
[INFO] [stderr]    Compiling rustix v0.36.7
[INFO] [stderr]    Compiling serde v1.0.152
[INFO] [stderr]    Compiling thiserror v1.0.38
[INFO] [stderr]    Compiling glob v0.3.1
[INFO] [stderr]    Compiling cc v1.0.78
[INFO] [stderr]    Compiling bitflags v1.3.2
[INFO] [stderr]    Compiling memchr v2.5.0
[INFO] [stderr]    Compiling log v0.4.17
[INFO] [stderr]    Compiling regex-syntax v0.6.28
[INFO] [stderr]    Compiling linux-raw-sys v0.1.4
[INFO] [stderr]    Compiling libloading v0.7.4
[INFO] [stderr]    Compiling either v1.8.1
[INFO] [stderr]    Compiling ucd-trie v0.1.5
[INFO] [stderr]    Compiling bindgen v0.63.0
[INFO] [stderr]    Compiling proc-macro-error-attr v1.0.4
[INFO] [stderr]    Compiling print_bytes v1.1.0
[INFO] [stderr]    Compiling humantime v2.1.0
[INFO] [stderr]    Compiling rustc-hash v1.1.0
[INFO] [stderr]    Compiling aho-corasick v0.7.20
[INFO] [stderr]    Compiling nom v7.1.3
[INFO] [stderr]    Compiling peeking_take_while v0.1.2
[INFO] [stderr]    Compiling clang-sys v1.4.0
[INFO] [stderr]    Compiling once_cell v1.17.0
[INFO] [stderr]    Compiling termcolor v1.2.0
[INFO] [stderr]    Compiling shlex v1.1.0
[INFO] [stderr]    Compiling lazycell v1.3.0
[INFO] [stderr]    Compiling lazy_static v1.4.0
[INFO] [stderr]    Compiling indexmap v1.9.2
[INFO] [stderr]    Compiling cmake v0.1.49
[INFO] [stderr]    Compiling c2rust-build-paths v0.17.0
[INFO] [stderr]    Compiling proc-macro-error v1.0.4
[INFO] [stderr]    Compiling prettyplease v0.1.23
[INFO] [stderr]    Compiling failure_derive v0.1.8
[INFO] [stderr]    Compiling time-core v0.1.0
[INFO] [stderr]    Compiling unicode-xid v0.2.4
[INFO] [stderr]    Compiling serde_json v1.0.91
[INFO] [stderr]     Checking gimli v0.27.1
[INFO] [stderr]    Compiling rustversion v1.0.11
[INFO] [stderr]     Checking miniz_oxide v0.6.2
[INFO] [stderr]    Compiling time-macros v0.2.6
[INFO] [stderr]    Compiling backtrace v0.3.67
[INFO] [stderr]     Checking object v0.30.3
[INFO] [stderr]     Checking half v1.8.2
[INFO] [stderr]     Checking itoa v1.0.5
[INFO] [stderr]    Compiling serde_derive v1.0.152
[INFO] [stderr]     Checking atty v0.2.14
[INFO] [stderr]    Compiling which v4.4.0
[INFO] [stderr]     Checking ryu v1.0.12
[INFO] [stderr]     Checking rustc-demangle v0.1.21
[INFO] [stderr]    Compiling regex v1.7.1
[INFO] [stderr]     Checking colored v1.9.3
[INFO] [stderr]     Checking os_str_bytes v6.4.1
[INFO] [stderr]     Checking linked-hash-map v0.5.6
[INFO] [stderr]    Compiling anyhow v1.0.68
[INFO] [stderr]     Checking arc-swap v1.6.0
[INFO] [stderr]    Compiling cexpr v0.6.0
[INFO] [stderr]    Compiling time v0.3.17
[INFO] [stderr]     Checking itertools v0.10.5
[INFO] [stderr]     Checking log-reroute v0.1.8
[INFO] [stderr]     Checking clap_lex v0.2.4
[INFO] [stderr]    Compiling is-terminal v0.4.2
[INFO] [stderr]     Checking yaml-rust v0.4.5
[INFO] [stderr]    Compiling env_logger v0.10.0
[INFO] [stderr]     Checking serde_bytes v0.11.8
[INFO] [stderr]     Checking addr2line v0.19.0
[INFO] [stderr]     Checking serde_cbor v0.11.2
[INFO] [stderr]     Checking serde_bencode v0.2.3
[INFO] [stderr]     Checking fern v0.6.1
[INFO] [stderr]     Checking colored v2.0.0
[INFO] [stderr]     Checking no-std-compat v0.4.1
[INFO] [stderr]     Checking dtoa v1.0.5
[INFO] [stderr]     Checking strsim v0.10.0
[INFO] [stderr]     Checking strum v0.24.1
[INFO] [stderr]     Checking textwrap v0.16.0
[INFO] [stderr]     Checking is_executable v1.0.1
[INFO] [stderr]     Checking c2rust-ast-builder v0.17.0
[INFO] [stderr]     Checking c2rust-ast-printer v0.17.0
[INFO] [stderr]    Compiling synstructure v0.12.6
[INFO] [stderr]    Compiling thiserror-impl v1.0.38
[INFO] [stderr]    Compiling c2rust-bitfields-derive v0.17.0
[INFO] [stderr]    Compiling git-testament-derive v0.1.14
[INFO] [stderr]    Compiling strum_macros v0.24.3
[INFO] [stderr]    Compiling clap_derive v3.2.18
[INFO] [stderr]     Checking c2rust-bitfields v0.17.0
[INFO] [stderr]     Checking failure v0.1.8
[INFO] [stderr]     Checking git-testament v0.2.4
[INFO] [stderr]    Compiling pest v2.5.4
[INFO] [stderr]     Checking clap v3.2.23
[INFO] [stderr]    Compiling pest_meta v2.5.4
[INFO] [stderr]    Compiling pest_generator v2.5.4
[INFO] [stderr]    Compiling c2rust-ast-exporter v0.17.0
[INFO] [stderr]    Compiling pest_derive v2.5.4
[INFO] [stderr]     Checking handlebars v4.3.6
[INFO] [stderr] error: failed to run custom build command for `c2rust-ast-exporter v0.17.0`
[INFO] [stderr] note: To improve backtraces for build dependencies, set the CARGO_PROFILE_DEV_BUILD_OVERRIDE_DEBUG=true environment variable to enable debug information generation.
[INFO] [stderr] 
[INFO] [stderr] Caused by:
[INFO] [stderr]   process didn't exit successfully: `/opt/rustwide/target/debug/build/c2rust-ast-exporter-c8fa6787c6f9fb1b/build-script-build` (exit status: 101)
[INFO] [stderr]   --- stdout
[INFO] [stderr]   CMAKE_TOOLCHAIN_FILE_x86_64-unknown-linux-gnu = None
[INFO] [stderr]   CMAKE_TOOLCHAIN_FILE_x86_64_unknown_linux_gnu = None
[INFO] [stderr]   HOST_CMAKE_TOOLCHAIN_FILE = None
[INFO] [stderr]   CMAKE_TOOLCHAIN_FILE = None
[INFO] [stderr]   CMAKE_GENERATOR_x86_64-unknown-linux-gnu = None
[INFO] [stderr]   CMAKE_GENERATOR_x86_64_unknown_linux_gnu = None
[INFO] [stderr]   HOST_CMAKE_GENERATOR = None
[INFO] [stderr]   CMAKE_GENERATOR = None
[INFO] [stderr]   CMAKE_PREFIX_PATH_x86_64-unknown-linux-gnu = None
[INFO] [stderr]   CMAKE_PREFIX_PATH_x86_64_unknown_linux_gnu = None
[INFO] [stderr]   HOST_CMAKE_PREFIX_PATH = None
[INFO] [stderr]   CMAKE_PREFIX_PATH = None
[INFO] [stderr]   CMAKE_x86_64-unknown-linux-gnu = None
[INFO] [stderr]   CMAKE_x86_64_unknown_linux_gnu = None
[INFO] [stderr]   HOST_CMAKE = None
[INFO] [stderr]   CMAKE = None
[INFO] [stderr]   running: cd "/opt/rustwide/target/debug/build/c2rust-ast-exporter-7650cf8805aca42e/out/build" && CMAKE_PREFIX_PATH="" "cmake" "/opt/rustwide/cargo-home/registry/src/index.crates.io-6f17d22bba15001f/c2rust-ast-exporter-0.17.0/src" "-DLLVM_DIR=/usr/lib/llvm-14/lib/cmake/llvm" "-DClang_DIR=/usr/lib/llvm-14/lib/cmake/clang" "-DCMAKE_INSTALL_PREFIX=/opt/rustwide/target/debug/build/c2rust-ast-exporter-7650cf8805aca42e/out" "-DCMAKE_C_FLAGS= -ffunction-sections -fdata-sections -fPIC -m64" "-DCMAKE_C_COMPILER=/usr/bin/cc" "-DCMAKE_CXX_FLAGS= -ffunction-sections -fdata-sections -fPIC -m64" "-DCMAKE_CXX_COMPILER=/usr/bin/c++" "-DCMAKE_ASM_FLAGS= -ffunction-sections -fdata-sections -fPIC -m64" "-DCMAKE_ASM_COMPILER=/usr/bin/cc" "-DCMAKE_BUILD_TYPE=Debug"
[INFO] [stderr]   -- The C compiler identification is GNU 11.3.0
[INFO] [stderr]   -- The CXX compiler identification is GNU 11.3.0
[INFO] [stderr]   -- Detecting C compiler ABI info
[INFO] [stderr]   -- Detecting C compiler ABI info - done
[INFO] [stderr]   -- Check for working C compiler: /usr/bin/cc - skipped
[INFO] [stderr]   -- Detecting C compile features
[INFO] [stderr]   -- Detecting C compile features - done
[INFO] [stderr]   -- Detecting CXX compiler ABI info
[INFO] [stderr]   -- Detecting CXX compiler ABI info - done
[INFO] [stderr]   -- Check for working CXX compiler: /usr/bin/c++ - skipped
[INFO] [stderr]   -- Detecting CXX compile features
[INFO] [stderr]   -- Detecting CXX compile features - done
[INFO] [stderr]   -- Performing Test HAVE_FFI_CALL
[INFO] [stderr]   -- Performing Test HAVE_FFI_CALL - Success
[INFO] [stderr]   -- Found FFI: /usr/lib/x86_64-linux-gnu/libffi.so  
[INFO] [stderr]   -- Performing Test Terminfo_LINKABLE
[INFO] [stderr]   -- Performing Test Terminfo_LINKABLE - Success
[INFO] [stderr]   -- Found Terminfo: /usr/lib/x86_64-linux-gnu/libtinfo.so  
[INFO] [stderr]   -- Found ZLIB: /usr/lib/x86_64-linux-gnu/libz.so (found version "1.2.11") 
[INFO] [stderr]   -- Found LibXml2: /usr/lib/x86_64-linux-gnu/libxml2.so (found version "2.9.13") 
[INFO] [stderr]   -- Configuring done
[INFO] [stderr]   -- Generating done
[INFO] [stderr]   -- Build files have been written to: /opt/rustwide/target/debug/build/c2rust-ast-exporter-7650cf8805aca42e/out/build
[INFO] [stderr]   running: cd "/opt/rustwide/target/debug/build/c2rust-ast-exporter-7650cf8805aca42e/out/build" && MAKEFLAGS="-j --jobserver-fds=7,8 --jobserver-auth=7,8" "cmake" "--build" "." "--target" "clangAstExporter" "--config" "Debug"
[INFO] [stderr]   [  8%] Creating directories for 'tinycbor_build'
[INFO] [stderr]   [ 16%] Performing download step (git clone) for 'tinycbor_build'
[INFO] [stderr]   -- Had to git clone more than once:
[INFO] [stderr]             3 times.
[INFO] [stderr] 
[INFO] [stderr]   --- stderr
[INFO] [stderr]   CMake Warning:
[INFO] [stderr]     Manually-specified variables were not used by the project:
[INFO] [stderr] 
[INFO] [stderr]       CMAKE_ASM_COMPILER
[INFO] [stderr]       CMAKE_ASM_FLAGS
[INFO] [stderr] 
[INFO] [stderr] 
[INFO] [stderr]   Cloning into 'tinycbor_build'...
[INFO] [stderr]   fatal: unable to access 'https://github.com/intel/tinycbor.git/': Could not resolve host: github.com
[INFO] [stderr]   Cloning into 'tinycbor_build'...
[INFO] [stderr]   fatal: unable to access 'https://github.com/intel/tinycbor.git/': Could not resolve host: github.com
[INFO] [stderr]   Cloning into 'tinycbor_build'...
[INFO] [stderr]   fatal: unable to access 'https://github.com/intel/tinycbor.git/': Could not resolve host: github.com
[INFO] [stderr]   CMake Error at /opt/rustwide/target/debug/build/c2rust-ast-exporter-7650cf8805aca42e/out/build/tinycbor/tmp/tinycbor_build-gitclone.cmake:31 (message):
[INFO] [stderr]     Failed to clone repository: 'https://github.com/intel/tinycbor.git'
[INFO] [stderr] 
[INFO] [stderr] 
[INFO] [stderr]   gmake[3]: *** [CMakeFiles/tinycbor_build.dir/build.make:98: tinycbor/src/tinycbor_build-stamp/tinycbor_build-download] Error 1
[INFO] [stderr]   gmake[2]: *** [CMakeFiles/Makefile2:91: CMakeFiles/tinycbor_build.dir/all] Error 2
[INFO] [stderr]   gmake[1]: *** [CMakeFiles/Makefile2:254: CMakeFiles/clangAstExporter.dir/rule] Error 2
[INFO] [stderr]   gmake: *** [Makefile:202: clangAstExporter] Error 2
[INFO] [stderr]   thread 'main' panicked at '
[INFO] [stderr]   command did not execute successfully, got: exit status: 2
[INFO] [stderr] 
[INFO] [stderr]   build script failed, must exit now', /opt/rustwide/cargo-home/registry/src/index.crates.io-6f17d22bba15001f/cmake-0.1.49/src/lib.rs:1104:5
[INFO] [stderr]   stack backtrace:
[INFO] [stderr]      0:     0x563017f04521 - std::backtrace_rs::backtrace::libunwind::trace::ha9d9de1bf4176bfa
[INFO] [stderr]                                  at /rustc/e6e4f7ed1589e03bc2f6c5931c1a72e7947e8682/library/std/src/../../backtrace/src/backtrace/libunwind.rs:93:5
[INFO] [stderr]      1:     0x563017f04521 - std::backtrace_rs::backtrace::trace_unsynchronized::h165c36ef694ada1c
[INFO] [stderr]                                  at /rustc/e6e4f7ed1589e03bc2f6c5931c1a72e7947e8682/library/std/src/../../backtrace/src/backtrace/mod.rs:66:5
[INFO] [stderr]      2:     0x563017f04521 - std::sys_common::backtrace::_print_fmt::h4d89c7ce1e89b43d
[INFO] [stderr]                                  at /rustc/e6e4f7ed1589e03bc2f6c5931c1a72e7947e8682/library/std/src/sys_common/backtrace.rs:65:5
[INFO] [stderr]      3:     0x563017f04521 - <std::sys_common::backtrace::_print::DisplayBacktrace as core::fmt::Display>::fmt::hfc68e8a2f3b7b37c
[INFO] [stderr]                                  at /rustc/e6e4f7ed1589e03bc2f6c5931c1a72e7947e8682/library/std/src/sys_common/backtrace.rs:44:22
[INFO] [stderr]      4:     0x563017f2c22f - core::fmt::rt::Argument::fmt::hc7dd5538f3de21b7
[INFO] [stderr]                                  at /rustc/e6e4f7ed1589e03bc2f6c5931c1a72e7947e8682/library/core/src/fmt/rt.rs:138:9
[INFO] [stderr]      5:     0x563017f2c22f - core::fmt::write::hac9705ca9b43c249
[INFO] [stderr]                                  at /rustc/e6e4f7ed1589e03bc2f6c5931c1a72e7947e8682/library/core/src/fmt/mod.rs:1094:21
[INFO] [stderr]      6:     0x563017f01411 - std::io::Write::write_fmt::h7bc9466b47d6774b
[INFO] [stderr]                                  at /rustc/e6e4f7ed1589e03bc2f6c5931c1a72e7947e8682/library/std/src/io/mod.rs:1713:15
[INFO] [stderr]      7:     0x563017f04335 - std::sys_common::backtrace::_print::h03072469d8150f3e
[INFO] [stderr]                                  at /rustc/e6e4f7ed1589e03bc2f6c5931c1a72e7947e8682/library/std/src/sys_common/backtrace.rs:47:5
[INFO] [stderr]      8:     0x563017f04335 - std::sys_common::backtrace::print::hd0f67791f02b87ae
[INFO] [stderr]                                  at /rustc/e6e4f7ed1589e03bc2f6c5931c1a72e7947e8682/library/std/src/sys_common/backtrace.rs:34:9
[INFO] [stderr]      9:     0x563017f05a07 - std::panicking::default_hook::{{closure}}::h7c8ccb2c703d1528
[INFO] [stderr]     10:     0x563017f057f4 - std::panicking::default_hook::h770c31d58b53801e
[INFO] [stderr]                                  at /rustc/e6e4f7ed1589e03bc2f6c5931c1a72e7947e8682/library/std/src/panicking.rs:288:9
[INFO] [stderr]     11:     0x563017f05ebc - std::panicking::rust_panic_with_hook::hb50e58c42f5187f2
[INFO] [stderr]                                  at /rustc/e6e4f7ed1589e03bc2f6c5931c1a72e7947e8682/library/std/src/panicking.rs:705:13
[INFO] [stderr]     12:     0x563017f05db7 - std::panicking::begin_panic_handler::{{closure}}::h4d6093b91efbd52e
[INFO] [stderr]                                  at /rustc/e6e4f7ed1589e03bc2f6c5931c1a72e7947e8682/library/std/src/panicking.rs:597:13
[INFO] [stderr]     13:     0x563017f04956 - std::sys_common::backtrace::__rust_end_short_backtrace::h318963d1ef4510cb
[INFO] [stderr]                                  at /rustc/e6e4f7ed1589e03bc2f6c5931c1a72e7947e8682/library/std/src/sys_common/backtrace.rs:151:18
[INFO] [stderr]     14:     0x563017f05b02 - rust_begin_unwind
[INFO] [stderr]                                  at /rustc/e6e4f7ed1589e03bc2f6c5931c1a72e7947e8682/library/std/src/panicking.rs:593:5
[INFO] [stderr]     15:     0x5630179047e3 - core::panicking::panic_fmt::h6ce9f4b93775846b
[INFO] [stderr]                                  at /rustc/e6e4f7ed1589e03bc2f6c5931c1a72e7947e8682/library/core/src/panicking.rs:67:14
[INFO] [stderr]     16:     0x563017e91791 - cmake::fail::h6d103163d66847cb
[INFO] [stderr]     17:     0x563017e90f25 - cmake::run::h853f9460facdcea3
[INFO] [stderr]     18:     0x563017e8d711 - cmake::Config::build::hd7581cb8f6d77a04
[INFO] [stderr]     19:     0x5630179069ed - build_script_build::build_native::hf4eb95ede07023e3
[INFO] [stderr]     20:     0x56301790526e - build_script_build::main::h0dc79c73fc479511
[INFO] [stderr]     21:     0x563017909cf3 - core::ops::function::FnOnce::call_once::h82f9b800fe8adb39
[INFO] [stderr]     22:     0x56301790ded6 - std::sys_common::backtrace::__rust_begin_short_backtrace::h2ae2b153fa948e73
[INFO] [stderr]     23:     0x56301790bc69 - std::rt::lang_start::{{closure}}::hbe3060d2e96bf756
[INFO] [stderr]     24:     0x563017efc4e5 - core::ops::function::impls::<impl core::ops::function::FnOnce<A> for &F>::call_once::hb332f02ff9fc81e2
[INFO] [stderr]                                  at /rustc/e6e4f7ed1589e03bc2f6c5931c1a72e7947e8682/library/core/src/ops/function.rs:284:13
[INFO] [stderr]     25:     0x563017efc4e5 - std::panicking::try::do_call::hed879afea606d968
[INFO] [stderr]                                  at /rustc/e6e4f7ed1589e03bc2f6c5931c1a72e7947e8682/library/std/src/panicking.rs:500:40
[INFO] [stderr]     26:     0x563017efc4e5 - std::panicking::try::h395a878f3e4bd2f0
[INFO] [stderr]                                  at /rustc/e6e4f7ed1589e03bc2f6c5931c1a72e7947e8682/library/std/src/panicking.rs:464:19
[INFO] [stderr]     27:     0x563017efc4e5 - std::panic::catch_unwind::hb44b6ea043448d57
[INFO] [stderr]                                  at /rustc/e6e4f7ed1589e03bc2f6c5931c1a72e7947e8682/library/std/src/panic.rs:142:14
[INFO] [stderr]     28:     0x563017efc4e5 - std::rt::lang_start_internal::{{closure}}::h6184ba9e5b3e5fbf
[INFO] [stderr]                                  at /rustc/e6e4f7ed1589e03bc2f6c5931c1a72e7947e8682/library/std/src/rt.rs:148:48
[INFO] [stderr]     29:     0x563017efc4e5 - std::panicking::try::do_call::h8b2c97d4d3608274
[INFO] [stderr]                                  at /rustc/e6e4f7ed1589e03bc2f6c5931c1a72e7947e8682/library/std/src/panicking.rs:500:40
[INFO] [stderr]     30:     0x563017efc4e5 - std::panicking::try::hfa4cc536e097f1fe
[INFO] [stderr]                                  at /rustc/e6e4f7ed1589e03bc2f6c5931c1a72e7947e8682/library/std/src/panicking.rs:464:19
[INFO] [stderr]     31:     0x563017efc4e5 - std::panic::catch_unwind::ha3e2192625bb4844
[INFO] [stderr]                                  at /rustc/e6e4f7ed1589e03bc2f6c5931c1a72e7947e8682/library/std/src/panic.rs:142:14
[INFO] [stderr]     32:     0x563017efc4e5 - std::rt::lang_start_internal::hbd6687884d030770
[INFO] [stderr]                                  at /rustc/e6e4f7ed1589e03bc2f6c5931c1a72e7947e8682/library/std/src/rt.rs:148:20
[INFO] [stderr]     33:     0x56301790bc47 - std::rt::lang_start::h31dd7a49099fc452
[INFO] [stderr]     34:     0x563017909115 - main
[INFO] [stderr]     35:     0x7f6e3f174d90 - <unknown>
[INFO] [stderr]     36:     0x7f6e3f174e40 - __libc_start_main
[INFO] [stderr]     37:     0x563017905075 - _start
[INFO] [stderr]     38:                0x0 - <unknown>
[INFO] running `Command { std: "docker" "inspect" "c1f37dc7b8a786c9870fe81d8f4618eac05d26029035796841f352490758aabf", kill_on_drop: false }`
[INFO] running `Command { std: "docker" "rm" "-f" "c1f37dc7b8a786c9870fe81d8f4618eac05d26029035796841f352490758aabf", kill_on_drop: false }`
[INFO] [stdout] c1f37dc7b8a786c9870fe81d8f4618eac05d26029035796841f352490758aabf
